{"id":567,"date":"2025-10-20T15:01:55","date_gmt":"2025-10-20T15:01:55","guid":{"rendered":"https:\/\/www.kurumsalfranchise.com\/?page_id=567"},"modified":"2025-10-20T15:01:55","modified_gmt":"2025-10-20T15:01:55","slug":"yatirimcilar-icin","status":"publish","type":"page","link":"https:\/\/alosarj.com\/?page_id=567","title":{"rendered":"Yat\u0131r\u0131mc\u0131lar \u0130\u00e7in"},"content":{"rendered":"<p>[tdc_zone type=&#8221;tdc_content&#8221;][vc_row][vc_column][vc_separator border_width=&#8221;1&#8243; color=&#8221;#ffffff&#8221;][tdb_breadcrumbs tdicon=&#8221;td-icon-right&#8221; show_home=&#8221;yes&#8221; show_parent_page=&#8221;yes&#8221; text_color=&#8221;#111111&#8243;][td_flex_block_1 modules_on_row=&#8221;eyJhbGwiOiIzMy4zMzMzMzMzMyUiLCJwaG9uZSI6IjEwMCUifQ==&#8221; limit=&#8221;3&#8243; hide_audio=&#8221;yes&#8221; show_btn=&#8221;none&#8221; show_com=&#8221;none&#8221; show_date=&#8221;none&#8221; show_author=&#8221;none&#8221; all_modules_space=&#8221;0&#8243; show_review=&#8221;none&#8221; show_excerpt=&#8221;none&#8221; show_audio=&#8221;none&#8221; show_cat=&#8221;none&#8221; image_height=&#8221;eyJwaG9uZSI6IjkwIiwiYWxsIjoiOTAifQ==&#8221; meta_padding=&#8221;eyJwaG9uZSI6IjIwcHggMCAwIDAifQ==&#8221; art_title=&#8221;eyJwaG9uZSI6IjAgMCAzMXB4In0=&#8221;][\/vc_column][\/vc_row][\/tdc_zone]<\/p>\n","protected":false},"excerpt":{"rendered":"<p>[tdc_zone type=&#8221;tdc_content&#8221;][vc_row][vc_column][vc_separator border_width=&#8221;1&#8243; color=&#8221;#ffffff&#8221;][tdb_breadcrumbs tdicon=&#8221;td-icon-right&#8221; show_home=&#8221;yes&#8221; show_parent_page=&#8221;yes&#8221; text_color=&#8221;#111111&#8243;][td_flex_block_1 modules_on_row=&#8221;eyJhbGwiOiIzMy4zMzMzMzMzMyUiLCJwaG9uZSI6IjEwMCUifQ==&#8221; limit=&#8221;3&#8243; hide_audio=&#8221;yes&#8221; show_btn=&#8221;none&#8221; show_com=&#8221;none&#8221; show_date=&#8221;none&#8221; show_author=&#8221;none&#8221; all_modules_space=&#8221;0&#8243; show_review=&#8221;none&#8221; show_excerpt=&#8221;none&#8221; show_audio=&#8221;none&#8221; show_cat=&#8221;none&#8221; image_height=&#8221;eyJwaG9uZSI6IjkwIiwiYWxsIjoiOTAifQ==&#8221; meta_padding=&#8221;eyJwaG9uZSI6IjIwcHggMCAwIDAifQ==&#8221; art_title=&#8221;eyJwaG9uZSI6IjAgMCAzMXB4In0=&#8221;][\/vc_column][\/vc_row][\/tdc_zone]<\/p>\n","protected":false},"author":1,"featured_media":0,"parent":0,"menu_order":0,"comment_status":"closed","ping_status":"closed","template":"","meta":{"footnotes":""},"class_list":["post-567","page","type-page","status-publish","hentry"],"_links":{"self":[{"href":"https:\/\/alosarj.com\/index.php?rest_route=\/wp\/v2\/pages\/567","targetHints":{"allow":["GET"]}}],"collection":[{"href":"https:\/\/alosarj.com\/index.php?rest_route=\/wp\/v2\/pages"}],"about":[{"href":"https:\/\/alosarj.com\/index.php?rest_route=\/wp\/v2\/types\/page"}],"author":[{"embeddable":true,"href":"https:\/\/alosarj.com\/index.php?rest_route=\/wp\/v2\/users\/1"}],"replies":[{"embeddable":true,"href":"https:\/\/alosarj.com\/index.php?rest_route=%2Fwp%2Fv2%2Fcomments&post=567"}],"version-history":[{"count":0,"href":"https:\/\/alosarj.com\/index.php?rest_route=\/wp\/v2\/pages\/567\/revisions"}],"wp:attachment":[{"href":"https:\/\/alosarj.com\/index.php?rest_route=%2Fwp%2Fv2%2Fmedia&parent=567"}],"curies":[{"name":"wp","href":"https:\/\/api.w.org\/{rel}","templated":true}]}}